he prime factors of z?
2, 233
Let g be -1 - 3/(-6)*10. Let r be ((-2)/6)/(g/156). List the prime factors of 30/195 + (-1597)/r.
3, 41
Suppose 3*r - 28322 - 10217 = -4*i, -3*i + 51369 = 4*r. List the prime factors of r.
3, 11, 389
Let l(z) = -2*z - 118. Let x be l(-37). What are the prime factors of (-66)/x - (6022/(-4) - -2)?
5, 7, 43
Let a(t) = 6*t**2 + 15*t - 1139. What are the prime factors of a(112)?
5, 15161
Let u = 953 + 5839. List the prime factors of u.
2, 3, 283
Let j be (1 + 2)/(2 - 7/2). Let l be (-8)/(-16)*-5*(j + 0). Suppose 0 = -l*b + 121 + 9. What are the prime factors of b?
2, 13
Let v(h) = 402*h**2 + 4. Let r be v(2). Suppose -11*z - r = -15*z. List the prime factors of z.
13, 31
Let q(g) = 3*g**2 + 3*g + 2. Let c be q(3). Let j(u) = -8*u + 33 - 12*u - c. List the prime factors of j(-4).
3, 5
Let c(h) = h**3 - 14*h**2 - 27*h + 42. Let i be c(16). Suppose -3*b = -9, 2*b = w - 41 - i. List the prime factors of w.
13
Let j(k) = 1677*k - 1812. What are the prime factors of j(8)?
2, 3, 967
Suppose y - 240 = 303. Suppose -2*g + 2*k - 19 = -y, -k + 790 = 3*g. Suppose 4*w + 15 = g. List the prime factors of w.
2, 31
Let p = -68 - -68. Suppose -5*q = 4*o - p*o - 1559, o = -4*q + 387. What are the prime factors of o?
17, 23
Let b(l) = 114*l**2 - 22*l + 109. What are the prime factors of b(6)?
7, 11, 53
Suppose -6*y - 10136 = 8*y. List the prime factors of (1 - (y/6 + -1))*3.
2, 23
Let z(j) = -368*j**3 - 10*j**2 + 6*j + 21. Let f(d) = 245*d**3 + 7*d**2 - 4*d - 14. Let s(k) = -7*f(k) - 5*z(k). What are the prime factors of s(2)?
3, 331
Let c = 58633 + -39313. What are the prime factors of c?
2, 3, 5, 7, 23
Let f be (9/((-162)/12))/(3/3555). List the prime factors of f/(-4) + ((-210)/20)/(-21).
2, 3, 11
Let y(k) = k**3 - 24*k**2 - 34*k - 32. Suppose 2*v - 60 = -2*i, v - 4*v - 4*i = -94. What are the prime factors of y(v)?
2, 109
Let w = -26 + 22. Let i be 1*(-2)/(w/10). Suppose 0 = j - i*c - 11, -3*j - 4*c = -5*j + 52. What are the prime factors of j?
2, 3
Suppose 5*p - 12*p + 721 = 0. Let j = 75 + p. Let m = j - 5. List the prime factors of m.
173
Suppose -24 = v - 14. Let z be 255 - (-1 - (5 + v)). Let y = z - 121. What are the prime factors of y?
2, 5, 13
Suppose j = -3*v + 64, -3*j + 7 = -5. Let m(q) = 17*q**3 - 24 - 14*q**3 - 2*q**3 - 18*q**2 - 27*q. What are the prime factors of m(v)?
2, 59
List the prime factors of (-679)/(-21)*(-3)/(-1)*74 + 1.
3, 2393
Let f(t) = -14001*t + 59. List the prime factors of f(-2).
11, 2551
Let j(b) = -3*b - 25. Let r be j(-10). Let a(l) = l + 15 - 3 + 20*l. What are the prime factors of a(r)?
3, 13
Suppose -2*l + 19 = -5*z - 4*l, 0 = 4*z - 4*l + 4. Let b be -1 + (-2)/(-6) + (-605)/z. Let n = 293 - b. What are the prime factors of n?
2, 23
List the prime factors of -94241*10/(-70) + (1 - -1)/1.
5, 2693
Suppose 0 = 2*o + 8, -3*o = -9*u + 14*u + 407. Suppose 3*f + 4*c - 224 = -c, -98 = -f + 3*c. Let i = f + u. List the prime factors of i.
2
Suppose 4*g = 9*g - y - 26972, -5400 = -g + 3*y. Suppose m + g - 779 = 5*r, 2*m - 10 = 0. List the prime factors of r.
2, 3, 7, 11
Let u be (0 - (-5004)/6) + -2. Suppose -4*x + 2*o = -x - u, 4*o = 5*x - 1386. List the prime factors of x.
2, 139
Suppose 5*g - 7 = 3*z, 2*z - 1 = -g + 3. What are the prime factors of ((-12660)/50)/(g + (-48)/20)?
3, 211
List the prime factors of ((4845/(-2584))/((-5)/39926))/((-2)/(-8)).
3, 19963
Let q(b) = 233*b - 74. Let p be q(12). Suppose -22*a + p + 5352 = 0. What are the prime factors of a?
367
Suppose -12*t + 1566264 = 10*t + 34*t. List the prime factors of t.
3, 9323
Let s(g) = 4 + 10*g - 8 + 5 + 3. Let h be s(5). Let j = 132 - h. What are the prime factors of j?
2, 3, 13
Suppose 0*t = -6*t + 12. Let v(c) = 0*c**t + 7 - c - 8*c - 24 + c**2. What are the prime factors of v(14)?
53
Let m(c) = -3*c**3 + 10*c**2 + 2*c - 6. Let j be m(-6). Let i = -202 + j. List the prime factors of i.
2, 197
Let g(t) = 15*t - 24. Let m = 20 - -7. Let y = m + -21. List the prime factors of g(y).
2, 3, 11
Suppose 5*o = 5*l - 66685, -20*l = -23*l - 5*o + 40027. List the prime factors of l.
13339
Let a(y) = 2*y - 7. Let u be a(6). Suppose u*d - 37 = 3*s, 3*s + d + 22 + 3 = 0. List the prime factors of -41*1*(s - -8).
41
Suppose 0 = -2*l + 7*l + 2*i - 18156, 2*l + 3*i = 7269. What are the prime factors of l?
2, 3, 5, 11
List the prime factors of 3/(6/(-191548))*(-343)/343.
2, 7, 6841
Suppose 42*l = -40*l + 164. Let b = 382 + -542. Let m = l - b. What are the prime factors of m?
2, 3
Let b be ((-173)/(-2) + 2)*6/9. Let o = b - -58. What are the prime factors of o?
3, 13
Let u(f) = f**3 + 8*f**2 - 53*f - 78. What are the prime factors of u(16)?
2, 2609
Let r = 34 + -32. Suppose 0 = -n + r*n + 15. What are the prime factors of (n - -12)*62/(-6)?
31
Suppose 4*l = -u + 12, -5*l + 60 = 6*u - u. Suppose -4*f + u*f = 8000. What are the prime factors of f?
2, 5
Let z = -12699 - -27394. What are the prime factors of z?
5, 2939
Let w = 369 - 431. Let m = w - -675. List the prime factors of m.
613
Suppose -11*o = -13*o - 4. Let v be (-2 - (-4)/(-8)*o)*-97. Let w = 51 + v. List the prime factors of w.
2, 37
Let a(v) = -v**3 - 6*v**2 - 8*v - 2. Let i be a(-7). What are the prime factors of i + 2 - (-35)/(-7)?
2, 5
Let m(c) = -7*c + 71. Let d be m(23). Let x = -151 - d. List the prime factors of x/((-1)/(6 - 5)).
61
Let b(r) = 3*r + 6*r + 2*r + 1521 - 762 - 762 + 2*r**2. Let v(g) = g**3 - 4*g**2 - g - 5. Let u be v(4). List the prime factors of b(u).
2, 3, 5
Let v(g) be the second derivative of -7*g**3/2 + 25*g**2 + 13*g. List the prime factors of v(-6).
2, 11
Suppose -8*p + 5020 = -18*p. List the prime factors of p*1*(-2)/4.
251
What are the prime factors of (1344900/250)/((-2)/10 + 2/6)?
3, 4483
Let f = 2096 + 258. Suppose 8*a + 330 = f. List the prime factors of a.
11, 23
Let g = 53 - 26. Let s = g + 5. Suppose a = s + 5. List the prime factors of a.
37
Let c(q) be the first derivative of -q**3/6 + 18*q**2 - 10*q - 1. Let g(m) be the first derivative of c(m). List the prime factors of g(19).
17
Suppose -g = -3*u + 1, 5*g - 7 = 2*u + 1. Let w be (31 + (-2 - g))*3. Suppose -w = -2*b + d, -b - d + 12 = -24. What are the prime factors of b?
3, 13
Let j(l) = -21*l - 7. Let t = 163 - 183. List the prime factors of j(t).
7, 59
Let c = 1134 + -20. What are the prime factors of c?
2, 557
Let r be (1/2)/((-12)/(-216)). Suppose 6*v - r + 69 = 0. Let g(h) = h**2 + h - 18. What are the prime factors of g(v)?
2, 3
List the prime factors of ((-35)/294 - (-49)/(-294)) + 422720/14.
2, 31, 487
Let c = -28204 - -40818. What are the prime factors of c?
2, 7, 17, 53
Let i(d) = 2*d**3 - 84*d**2 + 66*d + 263. What are the prime factors of i(42)?
5, 607
Let u(t) = -t**3 - 17*t**2 - 2*t + 16. Let a be u(-12). Let d = a + 1080. What are the prime factors of d?
2, 5
Let m = 11051 + -5709. What are the prime factors of m?
2, 2671
Suppose 5*i + 6*i = 33. List the prime factors of 2 + i + (-3 - -158)*2.
3, 5, 7
Let k = 5300 - 2648. What are the prime factors of k?
2, 3, 13, 17
Let n(l) = -1025*l - 1319. What are the prime factors of n(-34)?
3, 11177
Let u(y) = y**3 - 6*y**2 - 3*y + 20. Let z be u(6). List the prime factors of z/(18/6037) + (-164)/(-738).
11, 61
Let w(y) = 14*y**3 + y**2 - 11*y + 6. Let r be w(4). Suppose -r = -2*n + 14*z - 10*z, -4*z - 1728 = -4*n. List the prime factors of n.
7, 61
Let u be -70*8/16*-529. Suppose 32*d + 3*d = u. List the prime factors of d.
23
Suppose -4*r - 3*g = -1962 - 1372, -2*g + 3332 = 4*r. Let p = r - 589. What are the prime factors of p?
3
Let r be 4/10 + (-1086)/(-10) + 3. Let j = 152 + r. List the prime factors of (-4)/(-2) - 1 - j/(-4).
67
Let a = 246 - 254. List the prime factors of (1696/24)/(a/(-60)).
2, 5, 53
Let z(d) = -6*d**3 + 6*d**2 - 9*d - 18. Let j be z(-5). Let m = j + -641. List the prime factors of m.
2, 11, 13
Let d be (1 + -6)*((-3432)/10)/6. Suppose v - d = -40. List the prime factors of v.
2, 3, 41
Suppose q + 23 = -8*n + 3*n, q = -3*n - 13. Let y be ((-186)/n + -2)/((-19)/95). Let k = 80 - y. List the prime factors of k.
2
Suppose -137*o + 39*o = 157*o - 17188530. What are the prime factors of o?
2, 33703
Let m = 63 + -65. List the prime factors of -2 + 1 - 476/m.
3, 79
Suppose 10*b = 7*b + 21621. List the prime factors of b.
720